{"id":103,"date":"2025-08-28T10:58:00","date_gmt":"2025-08-28T08:58:00","guid":{"rendered":"https:\/\/aquatheme.fr\/?page_id=103"},"modified":"2025-08-28T10:58:02","modified_gmt":"2025-08-28T08:58:02","slug":"reprod-maison-et-jardin","status":"publish","type":"page","link":"https:\/\/aquatheme.fr\/index.php\/reprod-maison-et-jardin\/","title":{"rendered":"Reprod maison et jardin"},"content":{"rendered":"\t\t<div data-elementor-type=\"wp-page\" data-elementor-id=\"103\" class=\"elementor elementor-103\" data-elementor-post-type=\"page\">\n\t\t\t\t<div class=\"elementor-element elementor-element-44ddaffd e-flex e-con-boxed e-con e-parent\" data-id=\"44ddaffd\" data-element_type=\"container\" data-e-type=\"container\" data-settings=\"{&quot;background_background&quot;:&quot;classic&quot;}\">\n\t\t\t\t\t<div class=\"e-con-inner\">\n\t\t<div class=\"elementor-element elementor-element-e815730 e-con-full e-flex e-con e-child\" data-id=\"e815730\" data-element_type=\"container\" data-e-type=\"container\">\n\t\t\t\t<\/div>\n\t\t\t\t\t<\/div>\n\t\t\t\t<\/div>\n\t\t<div class=\"elementor-element elementor-element-2bb8df3 e-flex e-con-boxed e-con e-parent\" data-id=\"2bb8df3\" data-element_type=\"container\" data-e-type=\"container\">\n\t\t\t\t\t<div class=\"e-con-inner\">\n\t\t\t\t<div class=\"elementor-element elementor-element-7c01b7e5 elementor-widget elementor-widget-heading\" data-id=\"7c01b7e5\" data-element_type=\"widget\" data-e-type=\"widget\" data-widget_type=\"heading.default\">\n\t\t\t\t\t<h2 class=\"elementor-heading-title elementor-size-default\">AQUA Th\u00e8me<\/h2>\t\t\t\t<\/div>\n\t\t\t\t<div class=\"elementor-element elementor-element-5f3c805b elementor-widget__width-inherit elementor-widget elementor-widget-heading\" data-id=\"5f3c805b\" data-element_type=\"widget\" data-e-type=\"widget\" data-widget_type=\"heading.default\">\n\t\t\t\t\t<h1 class=\"elementor-heading-title elementor-size-default\">Sp\u00e9cialiste des Jardins aquatiques<\/h1>\t\t\t\t<\/div>\n\t\t\t\t\t<\/div>\n\t\t\t\t<\/div>\n\t\t<div class=\"elementor-element elementor-element-1fd56c8 e-flex e-con-boxed e-con e-parent\" data-id=\"1fd56c8\" data-element_type=\"container\" data-e-type=\"container\">\n\t\t\t\t\t<div class=\"e-con-inner\">\n\t\t\t\t<div class=\"elementor-element elementor-element-631a0ff elementor-widget elementor-widget-text-editor\" data-id=\"631a0ff\" data-element_type=\"widget\" data-e-type=\"widget\" data-widget_type=\"text-editor.default\">\n\t\t\t\t\t\t\t\t\t<p>Envie d&rsquo;une cascade, d&rsquo;une fontaine, d\u2019un bassin ou d&rsquo;une baignade naturelle dans votre jardin ?<br data-start=\"189\" data-end=\"192\" \/>Faites confiance \u00e0 l\u2019entreprise AQUA Th\u00e8me, qui con\u00e7oit et am\u00e9nage des jardins aquatiques avec soin depuis plus de 35 ans.<\/p>\t\t\t\t\t\t\t\t<\/div>\n\t\t\t\t\t<\/div>\n\t\t\t\t<\/div>\n\t\t<div class=\"elementor-element elementor-element-b01c5e3 e-flex e-con-boxed e-con e-parent\" data-id=\"b01c5e3\" data-element_type=\"container\" data-e-type=\"container\">\n\t\t\t\t\t<div class=\"e-con-inner\">\n\t\t<div class=\"elementor-element elementor-element-0f60ee6 e-con-full e-flex e-con e-child\" data-id=\"0f60ee6\" data-element_type=\"container\" data-e-type=\"container\">\n\t\t\t\t<div class=\"elementor-element elementor-element-3404790 elementor-widget elementor-widget-text-editor\" data-id=\"3404790\" data-element_type=\"widget\" data-e-type=\"widget\" data-widget_type=\"text-editor.default\">\n\t\t\t\t\t\t\t\t\t<p data-start=\"318\" data-end=\"640\">AQUA Th\u00e8me a \u00e9t\u00e9 la premi\u00e8re entreprise de France enti\u00e8rement d\u00e9di\u00e9e au jardin aquatique ! Vous y trouverez tout le n\u00e9cessaire pour r\u00e9aliser votre bassin dans les r\u00e8gles de l&rsquo;art : \u00e9tanch\u00e9it\u00e9s, pompes, filtres, plantes et poissons. Mais aussi \u00e9tudes et r\u00e9alisations pour des projets uniques et enti\u00e8rement personnalis\u00e9s.<\/p><p data-start=\"642\" data-end=\"869\"><\/p>\t\t\t\t\t\t\t\t<\/div>\n\t\t\t\t<div class=\"elementor-element elementor-element-1c54ded elementor-widget elementor-widget-text-editor\" data-id=\"1c54ded\" data-element_type=\"widget\" data-e-type=\"widget\" data-widget_type=\"text-editor.default\">\n\t\t\t\t\t\t\t\t\t<p data-start=\"642\" data-end=\"869\">Ce sont les plantes et les \u00ab bonnes \u00bb bact\u00e9ries qui filtrent. Ce m\u00eame proc\u00e9d\u00e9 peut \u00eatre utilis\u00e9 \u00e9galement pour la filtration des eaux us\u00e9es. Un syst\u00e8me agr\u00e9\u00e9, sans fosse et sans odeur, fonctionnel et d\u00e9coratif (aquatiris.fr).<\/p>\t\t\t\t\t\t\t\t<\/div>\n\t\t\t\t<\/div>\n\t\t<div class=\"elementor-element elementor-element-8855ea6 e-con-full e-flex e-con e-child\" data-id=\"8855ea6\" data-element_type=\"container\" data-e-type=\"container\">\n\t\t\t\t<div class=\"elementor-element elementor-element-d49b943 elementor-widget elementor-widget-image\" data-id=\"d49b943\" data-element_type=\"widget\" data-e-type=\"widget\" data-widget_type=\"image.default\">\n\t\t\t\t\t\t\t\t\t\t\t\t\t\t\t<img fetchpriority=\"high\" decoding=\"async\" width=\"450\" height=\"338\" src=\"https:\/\/aquatheme.fr\/wp-content\/uploads\/2025\/08\/PHOTO-BAIGNADE-42.png\" class=\"attachment-large size-large wp-image-114\" alt=\"\" srcset=\"https:\/\/aquatheme.fr\/wp-content\/uploads\/2025\/08\/PHOTO-BAIGNADE-42.png 450w, https:\/\/aquatheme.fr\/wp-content\/uploads\/2025\/08\/PHOTO-BAIGNADE-42-300x225.png 300w\" sizes=\"(max-width: 450px) 100vw, 450px\" \/>\t\t\t\t\t\t\t\t\t\t\t\t\t\t\t<\/div>\n\t\t\t\t<\/div>\n\t\t\t\t\t<\/div>\n\t\t\t\t<\/div>\n\t\t<div class=\"elementor-element elementor-element-507d271 e-flex e-con-boxed e-con e-parent\" data-id=\"507d271\" data-element_type=\"container\" data-e-type=\"container\">\n\t\t\t\t\t<div class=\"e-con-inner\">\n\t\t\t\t<div class=\"elementor-element elementor-element-a568bf8 elementor-widget__width-inherit elementor-widget elementor-widget-heading\" data-id=\"a568bf8\" data-element_type=\"widget\" data-e-type=\"widget\" data-widget_type=\"heading.default\">\n\t\t\t\t\t<h2 class=\"elementor-heading-title elementor-size-default\">Une baignade naturelle adapt\u00e9e \u00e0 votre environnement<\/h2>\t\t\t\t<\/div>\n\t\t\t\t<div class=\"elementor-element elementor-element-ffacab0 elementor-widget elementor-widget-text-editor\" data-id=\"ffacab0\" data-element_type=\"widget\" data-e-type=\"widget\" data-widget_type=\"text-editor.default\">\n\t\t\t\t\t\t\t\t\t<p data-start=\"930\" data-end=\"994\">Et si une baignade naturelle rempla\u00e7ait votre future piscine ?<\/p><p data-start=\"996\" data-end=\"1435\">La baignade naturelle est une excellente alternative \u00e0 la piscine traditionnelle, sans traitement chimique et parfaitement int\u00e9gr\u00e9e dans le paysage. \u00ab D\u00e8s la cr\u00e9ation de nos premiers bassins, des clients nous ont demand\u00e9 de pouvoir se baigner. Nous avons donc s\u00e9par\u00e9 les plantes qui filtraient pour laisser place \u00e0 une partie baignade. C&rsquo;est ainsi que naquit ma premi\u00e8re baignade naturelle il y a plus de 30 ans \u00bb, relate Jos\u00e9e Brouy\u00e8re.<\/p><p data-start=\"1437\" data-end=\"1747\">Bon \u00e0 savoir, l&rsquo;AFNOR interdit le mot <em data-start=\"1475\" data-end=\"1486\">\u201cpiscine\u201d<\/em> pour les bassins de baignades. Pour s&rsquo;appeler <em data-start=\"1533\" data-end=\"1544\">\u201cpiscine\u201d<\/em>, l&rsquo;eau doit \u00eatre d\u00e9sinfectante, c&rsquo;est-\u00e0-dire avec une utilisation de produits tels que chlore, brome, sel, etc. Pour les \u00ab baignades \u00bb, l\u2019eau est filtr\u00e9e et d\u00e9sinfect\u00e9e (bact\u00e9ries, plantes, UV, etc.).<\/p><p data-start=\"1749\" data-end=\"1768\"><\/p>\t\t\t\t\t\t\t\t<\/div>\n\t\t\t\t\t<\/div>\n\t\t\t\t<\/div>\n\t\t<div class=\"elementor-element elementor-element-6bc9896 e-flex e-con-boxed e-con e-parent\" data-id=\"6bc9896\" data-element_type=\"container\" data-e-type=\"container\">\n\t\t\t\t\t<div class=\"e-con-inner\">\n\t\t<div class=\"elementor-element elementor-element-55d6ac1 e-con-full e-flex e-con e-child\" data-id=\"55d6ac1\" data-element_type=\"container\" data-e-type=\"container\">\n\t\t\t\t<div class=\"elementor-element elementor-element-8933d4b elementor-widget elementor-widget-image\" data-id=\"8933d4b\" data-element_type=\"widget\" data-e-type=\"widget\" data-widget_type=\"image.default\">\n\t\t\t\t\t\t\t\t\t\t\t\t\t\t\t<img decoding=\"async\" width=\"768\" height=\"576\" src=\"https:\/\/aquatheme.fr\/wp-content\/uploads\/2025\/08\/Faux-ruisseau-1.jpg\" class=\"attachment-large size-large wp-image-79\" alt=\"\" srcset=\"https:\/\/aquatheme.fr\/wp-content\/uploads\/2025\/08\/Faux-ruisseau-1.jpg 768w, https:\/\/aquatheme.fr\/wp-content\/uploads\/2025\/08\/Faux-ruisseau-1-300x225.jpg 300w\" sizes=\"(max-width: 768px) 100vw, 768px\" \/>\t\t\t\t\t\t\t\t\t\t\t\t\t\t\t<\/div>\n\t\t\t\t<\/div>\n\t\t<div class=\"elementor-element elementor-element-52bdb8d e-con-full e-flex e-con e-child\" data-id=\"52bdb8d\" data-element_type=\"container\" data-e-type=\"container\">\n\t\t\t\t<div class=\"elementor-element elementor-element-b7e025f elementor-widget elementor-widget-image\" data-id=\"b7e025f\" data-element_type=\"widget\" data-e-type=\"widget\" data-widget_type=\"image.default\">\n\t\t\t\t\t\t\t\t\t\t\t\t\t\t\t<img decoding=\"async\" width=\"725\" height=\"519\" src=\"https:\/\/aquatheme.fr\/wp-content\/uploads\/2025\/08\/BASSIN-PREFORME-01-1.jpg\" class=\"attachment-large size-large wp-image-83\" alt=\"\" srcset=\"https:\/\/aquatheme.fr\/wp-content\/uploads\/2025\/08\/BASSIN-PREFORME-01-1.jpg 725w, https:\/\/aquatheme.fr\/wp-content\/uploads\/2025\/08\/BASSIN-PREFORME-01-1-300x215.jpg 300w\" sizes=\"(max-width: 725px) 100vw, 725px\" \/>\t\t\t\t\t\t\t\t\t\t\t\t\t\t\t<\/div>\n\t\t\t\t<\/div>\n\t\t\t\t\t<\/div>\n\t\t\t\t<\/div>\n\t\t<div class=\"elementor-element elementor-element-dd61b20 e-flex e-con-boxed e-con e-parent\" data-id=\"dd61b20\" data-element_type=\"container\" data-e-type=\"container\">\n\t\t\t\t\t<div class=\"e-con-inner\">\n\t\t<div class=\"elementor-element elementor-element-0ad1ecf e-con-full e-flex e-con e-child\" data-id=\"0ad1ecf\" data-element_type=\"container\" data-e-type=\"container\">\n\t\t\t\t<div class=\"elementor-element elementor-element-4d27667 elementor-widget__width-inherit elementor-widget elementor-widget-heading\" data-id=\"4d27667\" data-element_type=\"widget\" data-e-type=\"widget\" data-widget_type=\"heading.default\">\n\t\t\t\t\t<h2 class=\"elementor-heading-title elementor-size-default\">Un jardin d'assainissement simple d'entretien et \u00e9cologique<\/h2>\t\t\t\t<\/div>\n\t\t\t\t<\/div>\n\t\t\t\t\t<\/div>\n\t\t\t\t<\/div>\n\t\t<div class=\"elementor-element elementor-element-5d2d0dd e-flex e-con-boxed e-con e-parent\" data-id=\"5d2d0dd\" data-element_type=\"container\" data-e-type=\"container\">\n\t\t\t\t\t<div class=\"e-con-inner\">\n\t\t<div class=\"elementor-element elementor-element-96fa89f e-con-full e-flex e-con e-child\" data-id=\"96fa89f\" data-element_type=\"container\" data-e-type=\"container\">\n\t\t\t\t<div class=\"elementor-element elementor-element-4075d92 elementor-widget elementor-widget-text-editor\" data-id=\"4075d92\" data-element_type=\"widget\" data-e-type=\"widget\" data-widget_type=\"text-editor.default\">\n\t\t\t\t\t\t\t\t\t<p>Savez-vous que les eaux us\u00e9es de votre maison peuvent \u00eatre assianies par un syst\u00e8me tr\u00e8s simple et eco-responsable, sans n\u00e9cessiter de fosse sceptique ou de vidange ?<\/p><p>AQUA Th\u00e8me collabore avecson partenaire Aquatiris pour proposer l&rsquo;installation d&rsquo;un jardin d&rsquo;assainissement sur votre terrian.<\/p><p>Ce syst\u00e8me d&rsquo;am\u00e9nagement paysager est agr\u00e9\u00e9 par les minist\u00e8res de la Sant\u00e9 et de l&rsquo;Environnement et s&rsquo;adapte aussi bien aux toilettes classiques qu&rsquo;aux toilettes s\u00e8ches.<\/p><p>Tr\u00e8s simple de fonctionnement et d&rsquo;entretien, il ne provoque pas de nuisance olfactive et n&rsquo;attire pas les moustiques. A vous de choisir entre un jardin d&rsquo;assainissement compos\u00e9 de roseaux ou compos\u00e9 d&rsquo;Iris.<\/p>\t\t\t\t\t\t\t\t<\/div>\n\t\t\t\t<\/div>\n\t\t<div class=\"elementor-element elementor-element-c39f121 e-con-full e-flex e-con e-child\" data-id=\"c39f121\" data-element_type=\"container\" data-e-type=\"container\">\n\t\t\t\t<div class=\"elementor-element elementor-element-18e5b77 elementor-widget elementor-widget-image\" data-id=\"18e5b77\" data-element_type=\"widget\" data-e-type=\"widget\" data-widget_type=\"image.default\">\n\t\t\t\t\t\t\t\t\t\t\t\t\t\t\t<img loading=\"lazy\" decoding=\"async\" width=\"800\" height=\"600\" src=\"https:\/\/aquatheme.fr\/wp-content\/uploads\/2025\/08\/Sur-le-toit-dun-immeuble.png\" class=\"attachment-large size-large wp-image-84\" alt=\"\" srcset=\"https:\/\/aquatheme.fr\/wp-content\/uploads\/2025\/08\/Sur-le-toit-dun-immeuble.png 800w, https:\/\/aquatheme.fr\/wp-content\/uploads\/2025\/08\/Sur-le-toit-dun-immeuble-300x225.png 300w, https:\/\/aquatheme.fr\/wp-content\/uploads\/2025\/08\/Sur-le-toit-dun-immeuble-768x576.png 768w\" sizes=\"(max-width: 800px) 100vw, 800px\" \/>\t\t\t\t\t\t\t\t\t\t\t\t\t\t\t<\/div>\n\t\t\t\t<\/div>\n\t\t\t\t\t<\/div>\n\t\t\t\t<\/div>\n\t\t<div class=\"elementor-element elementor-element-6288d9c e-flex e-con-boxed e-con e-parent\" data-id=\"6288d9c\" data-element_type=\"container\" data-e-type=\"container\">\n\t\t\t\t\t<div class=\"e-con-inner\">\n\t\t\t\t<div class=\"elementor-element elementor-element-991e958 elementor-widget elementor-widget-text-editor\" data-id=\"991e958\" data-element_type=\"widget\" data-e-type=\"widget\" data-widget_type=\"text-editor.default\">\n\t\t\t\t\t\t\t\t\t<p>\u00a9 HD M\u00e9dia Groupe<\/p>\t\t\t\t\t\t\t\t<\/div>\n\t\t\t\t\t<\/div>\n\t\t\t\t<\/div>\n\t\t\t\t<\/div>\n\t\t","protected":false},"excerpt":{"rendered":"<p>AQUA Th\u00e8me Sp\u00e9cialiste des Jardins aquatiques Envie d&rsquo;une cascade, d&rsquo;une fontaine, d\u2019un bassin ou d&rsquo;une baignade naturelle dans votre jardin ?Faites confiance \u00e0 l\u2019entreprise AQUA Th\u00e8me, qui con\u00e7oit et am\u00e9nage des jardins aquatiques avec soin depuis plus de 35 ans. AQUA Th\u00e8me a \u00e9t\u00e9 la premi\u00e8re entreprise de France enti\u00e8rement d\u00e9di\u00e9e au jardin aquatique ! [&hellip;]<\/p>\n","protected":false},"author":1,"featured_media":0,"parent":0,"menu_order":0,"comment_status":"closed","ping_status":"closed","template":"elementor_header_footer","meta":{"footnotes":""},"class_list":["post-103","page","type-page","status-publish","hentry"],"_links":{"self":[{"href":"https:\/\/aquatheme.fr\/index.php\/wp-json\/wp\/v2\/pages\/103","targetHints":{"allow":["GET"]}}],"collection":[{"href":"https:\/\/aquatheme.fr\/index.php\/wp-json\/wp\/v2\/pages"}],"about":[{"href":"https:\/\/aquatheme.fr\/index.php\/wp-json\/wp\/v2\/types\/page"}],"author":[{"embeddable":true,"href":"https:\/\/aquatheme.fr\/index.php\/wp-json\/wp\/v2\/users\/1"}],"replies":[{"embeddable":true,"href":"https:\/\/aquatheme.fr\/index.php\/wp-json\/wp\/v2\/comments?post=103"}],"version-history":[{"count":0,"href":"https:\/\/aquatheme.fr\/index.php\/wp-json\/wp\/v2\/pages\/103\/revisions"}],"wp:attachment":[{"href":"https:\/\/aquatheme.fr\/index.php\/wp-json\/wp\/v2\/media?parent=103"}],"curies":[{"name":"wp","href":"https:\/\/api.w.org\/{rel}","templated":true}]}}